st the prime factors of 123949766.
2, 73, 89, 9539
What are the prime factors of 50355310?
2, 5, 29, 89, 1951
What are the prime factors of 191526012?
2, 3, 17, 73, 1429
List the prime factors of 3147555867.
3, 887, 1182847
List the prime factors of 13323066.
2, 3, 19, 6151
List the prime factors of 639999703.
7, 91428529
List the prime factors of 12704959.
12704959
What are the prime factors of 375409632?
2, 3, 13, 300809
List the prime factors of 65941366.
2, 41, 61, 13183
List the prime factors of 7215201.
3, 7, 16361
List the prime factors of 16936581.
3, 19, 297133
What are the prime factors of 1068558855?
3, 5, 7, 13, 541, 1447
What are the prime factors of 115665533?
131, 882943
List the prime factors of 38830151.
337, 115223
List the prime factors of 109198193.
13, 8399861
What are the prime factors of 11490934?
2, 7, 13, 19, 3323
What are the prime factors of 43435093?
13, 3341161
List the prime factors of 571918134.
2, 3, 457, 208577
List the prime factors of 143371455.
3, 5, 17, 33073
What are the prime factors of 57095523?
3, 234961
List the prime factors of 87907449.
3, 7, 23, 37, 4919
What are the prime factors of 66882295?
5, 607, 22037
What are the prime factors of 324789626?
2, 7, 37, 491, 1277
What are the prime factors of 26799412?
2, 17, 229, 1721
List the prime factors of 42301210.
2, 5, 7, 131, 659
What are the prime factors of 32474437?
17, 1910261
What are the prime factors of 3534513572?
2, 883628393
List the prime factors of 298541232.
2, 3, 11, 188473
What are the prime factors of 1969766908?
2, 31, 15885217
List the prime factors of 84826663.
41, 2068943
What are the prime factors of 377534194?
2, 1657, 113921
List the prime factors of 171986335.
5, 97, 101, 3511
What are the prime factors of 74085694?
2, 17, 2178991
What are the prime factors of 410773954?
2, 205386977
List the prime factors of 1983318347.
42697, 46451
List the prime factors of 2575347509.
7, 73, 137, 36787
What are the prime factors of 1157760?
2, 3, 5, 67
List the prime factors of 205575131.
43, 541, 8837
What are the prime factors of 3036078312?
2, 3, 263, 481001
What are the prime factors of 335767331?
103, 283, 11519
List the prime factors of 2457008006.
2, 29, 42362207
What are the prime factors of 1848636289?
47, 39332687
What are the prime factors of 62687405?
5, 11, 1139771
List the prime factors of 121089977.
1549, 78173
What are the prime factors of 773451606?
2, 3, 3517, 36653
What are the prime factors of 26798768?
2, 251, 6673
What are the prime factors of 21666322?
2, 23, 471007
List the prime factors of 122476589.
8563, 14303
What are the prime factors of 321210420?
2, 3, 5, 2281, 2347
List the prime factors of 257820350.
2, 5, 1489, 3463
What are the prime factors of 1157486393?
7, 227, 728437
What are the prime factors of 2081119755?
3, 5, 11, 13, 970219
List the prime factors of 454590466.
2, 11, 19, 98867
What are the prime factors of 411463882?
2, 23, 109, 137, 599
List the prime factors of 2124900927.
3, 1531, 154213
What are the prime factors of 45136272?
2, 3, 149, 6311
What are the prime factors of 1872970657?
19, 53, 61, 30491
What are the prime factors of 164807898?
2, 3, 71, 263, 1471
List the prime factors of 1648635869.
73, 22584053
List the prime factors of 129865761.
3, 109, 4903
List the prime factors of 1701713987.
251, 1823, 3719
What are the prime factors of 546160097?
7, 78022871
List the prime factors of 221561479.
29, 131, 58321
List the prime factors of 419895634.
2, 3613, 58109
List the prime factors of 63275571.
3, 367, 19157
What are the prime factors of 1578966631?
11, 191, 6211
What are the prime factors of 5763699641?
7, 823385663
What are the prime factors of 3949753699?
3949753699
List the prime factors of 36090353.
13, 2776181
List the prime factors of 928698254.
2, 11, 173, 244009
What are the prime factors of 24984279?
3, 23, 137, 881
What are the prime factors of 2275037566?
2, 283, 4019501
What are the prime factors of 362801771?
8761, 41411
List the prime factors of 7182825607.
19, 378043453
List the prime factors of 812722903.
157, 5176579
What are the prime factors of 48390193?
48390193
What are the prime factors of 205383148?
2, 4241, 12107
List the prime factors of 271238766.
2, 3, 45206461
List the prime factors of 3653316026.
2, 1826658013
What are the prime factors of 345770111?
311, 1111801
List the prime factors of 1207527294.
2, 3, 201254549
What are the prime factors of 222862974?
2, 3, 37143829
List the prime factors of 114832583.
23, 79, 63199
What are the prime factors of 1794128585?
5, 3947, 90911
What are the prime factors of 40935973?
13, 71, 44351
What are the prime factors of 188568744?
2, 3, 7, 13, 86341
List the prime factors of 53891487.
3, 13, 61, 839
What are the prime factors of 267595504?
2, 11, 17, 5261
List the prime factors of 2005813884.
2, 3, 17, 29, 339049
What are the prime factors of 22461465?
3, 5, 13, 229, 503
What are the prime factors of 2986256631?
3, 995418877
List the prime factors of 342540015.
3, 5, 2857, 7993
List the prime factors of 47932195.
5, 1277, 7507
List the prime factors of 1984087784.
2, 7, 317, 111767
What are the prime factors of 201953973?
3, 13, 1549, 3343
List the prime factors of 764699169.
3, 13, 83, 337, 701
List the prime factors of 1550277993.
3, 11, 23, 271, 7537
What are the prime factors of 180231783?
3, 60077261
What are the prime factors of 14390889?
3, 113, 42451
What are the prime factors of 235025363?
235025363
What are the prime factors of 1939479624?
2, 3, 59, 163, 2801
What are the prime factors of 97139435?
5, 421, 46147
List the prime factors of 12859024.
2, 23, 83, 421
List the prime factors of 205792576.
2, 11, 292319
List the prime factors of 38510248.
2, 7, 687683
List the prime factors of 236276738.
2, 919, 128551
What are the prime factors of 1781475618?
2, 3, 13, 59, 387109
List the prime factors of 301994773.
9749, 30977
What are the prime factors of 10706865?
3, 5, 13, 54907
What are the prime factors of 230779373?
11, 20979943
List the prime factors of 54335129.
37, 1468517
List the prime factors of 239338332.
2, 3, 6648287
List the prime factors of 678524527.
678524527
List the prime factors of 1055033543.
29, 36380467
What are the prime factors of 227586391?
673, 338167
What are the prime factors of 1418057056?
2, 13, 31, 109961
List the prime factors of 92027411.
7, 29, 41, 11057
What are the prime factors of 331711402?
2, 11, 41, 367751
What are the prime factors of 218172775?
5, 2851, 3061
What are the prime factors of 2479699845?
3, 5, 7, 277, 9473
List the prime factors of 96550838.
2, 48275419
List the prime factors of 879539664.
2, 3, 53, 345731
What are the prime factors of 1202773297?
11, 109343027
List the prime factors of 163132628.
2, 107, 563, 677
List the prime factors of 9124600.
2, 5, 43, 1061
What are the prime factors of 183603627?
3, 257, 79379
List the prime factors of 1100160767.
31, 83, 427579
What are the prime factors of 111947822?
2, 7, 17, 647, 727
List the prime factors of 1024939842.
2, 3, 89, 1919363
What are the prime factors of 79243791?
3, 11, 181, 13267
What are the prime factors of 48754261?
48754261
What are the prime factors of 36810981?
3, 31, 131939
List the prime factors of 5077295.
5, 1015459
List the prime factors of 3409775421.
3, 13, 229, 381791
List the prime factors of 71863275.
3, 5, 11, 87107
What are the prime factors of 3461819942?
2, 7, 83, 2979191
What are the prime factors of 46344290?
2, 5, 4634429
What are the prime factors of 474647897?
20627, 23011
What are the prime factors of 352755536?
2, 7, 29, 67, 1621
What are the prime factors of 4159301778?
2, 3, 409, 188323
List the prime factors of 400285077.
3, 17, 23, 127, 2687
What are the prime factors of 213606968?
2, 19, 1405309
What are the prime factors of 1937118741?
3, 281, 2297887
List the prime factors of 2445366030.
2, 3, 5, 81512201
What are the prime factors of 354878897?
354878897
What are the prime factors of 472667417?
673, 702329
What are the prime factors of 270987874?
2, 135493937
What are the prime factors of 4618970216?
2, 7, 23, 43, 83399
List the prime factors of 41968797.
3, 13, 1076123
List the prime factors of 291862960.
2, 5, 29, 125803
List the prime factors of 146652034.
2,